 - -9. Calculate h(f).
2
Let l(v) be the third derivative of v**5/30 - 5*v**4/24 - 6*v**2. Give l(4).
12
Let r = 2 - 4. Let l = r - 1. Let f(u) be the first derivative of u**2 + 4*u - 2. Calculate f(l).
-2
Let p(i) = -2*i - 6 - 16 + 25. Suppose 0*t + t = 2. Calculate p(t).
-1
Let s(n) be the first derivative of 2*n**3/3 - 3*n**2/2 + 4*n + 3. Determine s(3).
13
Let q(h) = 5*h - 5. Suppose -3*c - 2 = -4*c. Let r be q(c). Let a(u) = -2*u - 10. Let p(s) = -3*s - 20. Let j(n) = 5*a(n) - 3*p(n). Determine j(r).
5
Let k(i) be the third derivative of -i**6/120 - i**5/12 + i**4/24 + 3*i**2 + 3*i. Give k(-4).
-20
Let t be (-4 + 7)*4/6. Let c be 2 + -2 + t + -1. Let v(j) be the third derivative of -j**6/24 - j**5/60 - j**2. What is v(c)?
-6
Let a(p) be the first derivative of 11*p**2/2 - p + 3. Let b(g) = -11*g + 1. Let m(v) = -7*a(v) - 6*b(v). Determine m(1).
-10
Let o be 5/10*(0 + -24). Let k = 4 + o. Let s = -5 - k. Let a(t) = t**3 - 2*t**2 - 2*t - 3. Give a(s).
0
Let o(f) = 0*f**2 - 6 + 5 - 29*f + 22*f + 2*f**2. Determine o(5).
14
Let a(m) be the first derivative of m**4/4 + 5*m**3/3 + m**2 + 2*m + 1. Suppose 0 = 2*q + i - 3*i + 32, -5*q - 68 = i. Let t be q/21*(-3)/(-1). Calculate a(t).
10
Let t = -18 - -19. Let r(o) = -4*o. Calculate r(t).
-4
Let b(v) be the first derivative of 1 - 1/4*v**4 + 0*v**2 + v**3 + 4*v. Give b(3).
4
Let w(n) = -n**2 - 3*n + 1. Let h = 6 - 0. Let a = 3 - h. Calculate w(a).
1
Let n = -16 + 6. Let f be 10/4*8/n. Let t = -2 + f. Let p(o) = -o**3 - 5*o**2 - 4*o - 1. What is p(t)?
-1
Suppose -2*j = 8, -2*k - 2*k = 3*j + 4. Let c be k + (2 - -1) + -1. Let i(u) = -2*u + c*u + u**2 + 3*u + 3. Give i(-4).
-1
Suppose -5*l + 10 = -0*l. Let k(h) = h**3 + 3 - 4*h + 1 + l - 3*h**2. Give k(4).
6
Let b be -4 - (-1 - (2 + -3)). Let t(l) be the third derivative of -1/120*l**6 + 0 - 1/12*l**5 - l**2 - 1/6*l**3 + 0*l - 1/6*l**4. Calculate t(b).
-1
Let z(p) = p**2 + 1. Let g(m) = 2*m**2 + 7*m - 5. Let q(f) = -f**2 - 4*f + 3. Let s(i) = -4*g(i) - 7*q(i). Let b(c) = -2*s(c) - z(c). What is b(-3)?
10
Let o(q) be the third derivative of q**7/2520 - 7*q**5/120 + q**4/24 + q**2. Let l(g) be the second derivative of o(g). Suppose 2*c = -2*c. Calculate l(c).
-7
Let m be (-1 - 14/(-18)) + 56/9. Let c(w) = w**3 - 5*w**2 - 7*w + 4. Give c(m).
-2
Let g be 1/(-2)*-3*2. Let d(p) = -6*p + 3. What is d(g)?
-15
Let c(l) be the second derivative of l**3/6 + 7*l**2/2 + 19*l. Give c(-4).
3
Let w(a) = -7*a + 1. Let b = 0 + 3. Suppose 2 = -b*c + 5*c. Calculate w(c).
-6
Let x be 12/21 + (-20)/(-14). Let s(v) = 2*v + 7 + 0*v - x*v + 3*v. Give s(-5).
-8
Suppose 0*d + 3*d - 15 = 0. Let r(u) = d - 2 + u - 2. Let a(p) = p**3 - p**2 - 3*p + 2. Let f be a(2). Give r(f).
1
Let g = 0 - 0. Suppose -4*i + 4 = -q + 1, 3*i - 2*q = 1. Let k(t) = 5 - i + 0*t + t. What is k(g)?
4
Let o(s) = s**2 - s. Let t(u) = 5*u**2 - 7*u - 4. Let q(m) = -6*o(m) + t(m). Give q(-3).
-10
Let f(s) = -s**3 + 3*s**2 - 3*s + 3. Let c be (12/(-8))/((-6)/8). Let x = c + 0. Determine f(x).
1
Let v = 21 + -17. Let x(h) be the first derivative of 0*h**2 + 1/4*h**v + 1 + 2*h + 5/3*h**3. Give x(-5).
2
Let v(f) = f**3 - 6*f**2 + 5*f + 4. Suppose i + 0*i + 3*q + 19 = 0, 5*i - q = -15. Let m = 9 + i. Calculate v(m).
4
Suppose 2*v - 4*v - 6 = 0. Let l = v - -5. Let f(y) = y**l + 0*y + 1 + 6*y + 1. Determine f(-3).
-7
Let x(w) = -2*w - 1. Suppose -5*v + 7 = 22. Calculate x(v).
5
Let w be 1/2 - (-5)/(-2). Let y = 2 + w. Let m be (0 - -3)*(y + 1). Let c(x) = x**3 - 5*x**2 + 3*x + 4. Give c(m).
-5
Suppose -u = -2*p + 6 + 1, 0 = -2*p + 10. Let t(j) = 3*j + 4. Determine t(u).
13
Suppose 0*w - 9 = -3*w. Suppose -w*x + 6*x = 0. Let c(b) = -b - 4. Give c(x).
-4
Let z(d) = -6 + 2 - 5*d + 2. Let g(c) = 4*c + 1. Let x(b) = -3*g(b) - 2*z(b). What is x(1)?
-1
Let p be (-4 - -10)*(2 + -1). Let j(u) = u**3 + 2 + 5*u - 1 + 0*u**3 - p*u**2. Suppose 5*t = 10 + 15. Determine j(t).
1
Suppose -18 = -p - 23. Let q(u) = 4*u + 4. Determine q(p).
-16
Let w = 5 + -1. Let i(l) = -2*l + 3. Suppose 4*r = 27 + 17. Let t(j) = 10*j - 16. Let n(z) = r*i(z) + 2*t(z). Determine n(w).
-7
Let t(y) = y**3 - y**2 - 5*y + 3. Suppose -34 + 9 = -5*w. Let a = w + 0. Suppose -5 = -i + o, 2*i = i + a*o + 13. Give t(i).
6
Let n = 12 - 14. Let m(v) = -3*v - 5*v**2 + 0 + 3*v**2 + 6*v**3 - 2 - 5*v**3. Calculate m(n).
-12
Let f(i) = -4 - 3*i + i**3 - 6*i**2 + i**2 + 4*i + 0*i. Give f(5).
1
Let u(p) be the first derivative of -p**4/4 + p**3/3 + p - 28. Let m be -1 - -1 - (-15)/5. Suppose 2*d - 11 = -4*y + m*d, 0 = 3*y + 4*d + 6. Calculate u(y).
-3
Suppose z + 7 = 2. Let t(l) = 2 - l**3 - 3 - 4 - 6*l**2 - 5*l. Determine t(z).
-5
Let u(w) = -w**2 + 3*w + 1. Let p be (-2 + 1)*(6 + 1). Let g = -5 - p. Suppose -2*s + g = -4. Give u(s).
1
Let j(u) = -u**3 + 4*u**2 + 4*u - 5. Let w = -3 - -7. Let v be 1/w - (-2)/(-8). Suppose v = 3*z - 3*f - 30, z + 30 = 6*z - f. Determine j(z).
-10
Let y(d) = -d**3 - 4*d**2 + 7*d - 2. Suppose -5*c + 2 = 27. Calculate y(c).
-12
Let a(s) = -2 + 1 + 19*s - 17*s. Determine a(2).
3
Let g(l) be the second derivative of -l**8/6720 + l**7/504 - l**5/20 - 5*l**4/12 - 3*l. Let o(m) be the third derivative of g(m). Determine o(5).
-6
Let t be -6 + (-48)/(-9) + (-19)/3. Let l(c) = -c**2 - 4*c + 3. Calculate l(t).
-18
Let d(g) = -g**3 + 3*g**2 + 2*g - 1. Suppose -2 + 18 = 8*f. Give d(f).
7
Let s(h) be the second derivative of h**3 + h**2 + 14*h. Give s(2).
14
Let j = -17 - -22. Let h(x) = x + 3. Calculate h(j).
8
Let h(m) = -10*m**3 - m. Let q be h(-1). Suppose -4*x = -4 - 4. Suppose x*i = 3*o + q + 4, 5*i = 2*o + 10. Let j(y) = -y + 3. What is j(i)?
3
Let n(s) = -s**3 - 5*s**2 + s + 3. Suppose 10 = 2*r - 4*r. Calculate n(r).
-2
Let z(v) be the first derivative of v**3/3 - 7*v**2/2 + 4*v - 48. Let f(b) = 2*b - 7. Let a be f(6). What is z(a)?
-6
Let i(p) = -3*p - 4. Let a(t) = 10*t + 12. Let b(n) = -5*a(n) - 16*i(n). What is b(-4)?
12
Let f(t) be the third derivative of t**4/12 + t**3/3 - 8*t**2. Determine f(-2).
-2
Let d(c) = 3*c**3 + 8*c**2 - 4*c. Let h(q) = 8*q**3 + 25*q**2 - 11*q. Let b(m) = 11*d(m) - 4*h(m). What is b(12)?
0
Let h(n) = 2 + 2*n**2 - 1 - 2 + 3*n**3 - 9*n**3. What is h(1)?
-5
Suppose 5*o = -3*p - 13, p = 2*o - 0*o - 8. Let g(h) = -1 - 6*h**2 - 8*h - h**3 + h - h**2 + 0*h. Determine g(p).
5
Let c = -14 - -20. Let t(h) = -h + 2. Let o(l) = -4*l + 7. Let m(i) = c*o(i) - 21*t(i). Give m(-1).
3
Let k(r) = r - 8. Suppose 15 = 3*s - 0*s + 2*m, 5*m - 15 = 0. Suppose 3*n - 8 = 4*g + s, -n = -g - 3. Let f = n + 3. Calculate k(f).
-4
Let z(q) be the first derivative of q**3/3 + 3*q**2/2 - q - 1. Let j be 8/(-28) - 132/(-21). Let h = -9 + j. Determine z(h).
-1
Let w(m) = -6*m + 0*m + 5*m. Determine w(3).
-3
Let q(r) = -2*r + 15. Let y(d) = d - 7. Let j(p) = 2*q(p) + 5*y(p). Calculate j(5).
0
Let u(p) = 5*p**3 - 17*p**2 - 5*p - 5. Let z(q) = -2*q**3 + 6*q**2 + 2*q + 2. Let i(l) = 3*u(l) + 8*z(l). Suppose 11 = -4*r - 1. What is i(r)?
-2
Let p(y) = -4 - 3 - 2*y + y + 0*y. Suppose 0*j - 8*j - 40 = 0. What is p(j)?
-2
Let y(a) = 2*a + 26. Let p(d) = -d - 13. Let l(z) = -9*p(z) - 4*y(z). Let q = 23 + -30. Give l(q).
6
Let v(x) = -x**3 - x**2 + 3*x - 3. Let b(c) = -c - 1. Let h be b(-1). Suppose -m = -a + 2, -5*m + 0*m + 2*a - 13 = 0. Let f be (1 + h)/(m/9). What is v(f)?
6
Let c(t) = -t**2 - 6*t + 10. Let i be c(-7). Suppose -2*m - 2*l - 18 = -7*l, -i*l = 4*m + 10. Let d(p) = p**3 + 3*p**2 - 6*p - 6. What is d(m)?
2
Let x(o) be the second derivative of o**4/12 + 7*o**3/6 + 3*o**2/2 + 7*o. Give x(-7).
3
Let t(q) = -6*q**2 - 4*q + 4. Let g(i) = -5*i**2 - 4*i + 4. Let y(o) = 7*g(o) - 6*t(o). What is y(3)?
1
Suppose -6*h = -2*h - 20. Let p = h + 0. Let q(a) = -9*a + 1 + p*a - 5*a. What is q(1)?
-8
Let s(b) = -b**3 - 4*b**2 - 2*b + 2. Suppose -7*j + 6 = -10*j. Determine s(j).
-2
Suppose 0 = -7*y - 6*y - 65. Let o(z) = -z**2 - 5*z + 5. Determine o(y).
5
Let w be (-3)/(1 - 4) - -2. Let b(z) = z**2 + z. Let k(x) = -4*x**2 - 2*x + 5. Let j(m) = w*b(m) + k(m). Give j(4).
-7
Let o = -26 - -16. Let x(m) = -m**2 - 9*m + 11. Let w be x(o). Let k(j) = 5*j**3. Give k(w).
5
Suppose 2*z = 4*d + 20, 5*d + 40 = -z - 4*z. Let k(n) = n**2 + 6*n - 8. Give k(d).
-8
Let k(h) = -h**2 + 6*h + 5. Let u be 0 - (-148)/28 - (-6)/(-21). Calculate k(u).
10
Let p(w) = w - 18. L